{"id":1881,"date":"2016-12-11T13:46:12","date_gmt":"2016-12-11T12:46:12","guid":{"rendered":"http:\/\/zahnarztpraxis-alt-osdorf.de\/wordpress\/?page_id=1881"},"modified":"2018-04-19T11:42:20","modified_gmt":"2018-04-19T09:42:20","slug":"wordpressimpressum","status":"publish","type":"page","link":"https:\/\/zahnarztpraxis-alt-osdorf.de\/?page_id=1881","title":{"rendered":"Impressum"},"content":{"rendered":"<h2><em>Impressum<\/em><\/h2>\n<h4>Angaben gem. \u00a7 6 Teledienstegesetz:<\/h4>\n<p>Dr. Christine Kr\u00e4\u00dfig<br \/>\nZahnarztpraxis Alt-Osdorf<br \/>\nRugenbarg 22<br \/>\n22549 Hamburg<\/p>\n<p>Tel.: 040 \/ 802886<br \/>\nFax: 040 \/ 804980<br \/>\nE-Mail: info@zahnarztpraxis-alt-osdorf.de<\/p>\n<p>Ust.-ID:DE<\/p>\n<p>Eintragung im Partnerschaftsregister.<br \/>\nRegisternummer: 5470<\/p>\n<h4>Zust\u00e4ndige Zahn\u00e4rztekammer:<\/h4>\n<p>Landeszahn\u00e4rztekammer Hamburg<br \/>\nWeidestra\u00dfe 122b, 22083 Hamburg<br \/>\nTel.: 040\/ 733405-0, Fax: 040\/ 733405999, E-Mail: info@zaek-hh.de<\/p>\n<h4>Zust\u00e4ndige Aufsichtsbeh\u00f6rde:<\/h4>\n<p>Kassenzahn\u00e4rztliche Vereinigung Hamburg<br \/>\nKatharinenbr\u00fccke 1, 20457 Hamburg<\/p>\n<h4>Informationen zum Beruf:<\/h4>\n<p>Berufsbezeichnung: Zahnarzt<br \/>\n(verliehen in der Bundesrepublik Deutschland)<\/p>\n<h4>Verantwortlich f\u00fcr den Inhalt der Seiten:<\/h4>\n<p>Dr. Christine Kr\u00e4\u00dfig<\/p>\n<h4>Berufsrechtliche Regelungen:<\/h4>\n<p>Zahnheilkundegesetz<br \/>\nHamburgischen Zahn\u00e4rztegesetzes<br \/>\nGeb\u00fchrenordnung f\u00fcr Zahn\u00e4rzte<br \/>\nBerufsordnung f\u00fcr Zahn\u00e4rzte<\/p>\n<p>Sie finden alle o.g. Rechtsvorschriften auch unter: http:\/\/www.zahnaerzte-hh.de\/zahnarzt-team\/abisz\/Telemediengesetz.html<\/p>\n<h4><\/h4>\n<h2><\/h2>\n","protected":false},"excerpt":{"rendered":"<p>Impressum Angaben gem. \u00a7 6 Teledienstegesetz: Dr. Christine Kr\u00e4\u00dfig Zahnarztpraxis Alt-Osdorf Rugenbarg 22 22549 Hamburg Tel.: 040 \/ 802886 Fax: 040 \/ 804980 E-Mail: info@zahnarztpraxis-alt-osdorf.de Ust.-ID:DE Eintragung im Partnerschaftsregister. Registernummer: 5470 Zust\u00e4ndige Zahn\u00e4rztekammer: Landeszahn\u00e4rztekammer Hamburg Weidestra\u00dfe 122b, 22083 Hamburg Tel.: 040\/ 733405-0, Fax: 040\/ 733405999, E-Mail: info@zaek-hh.de Zust\u00e4ndige Aufsichtsbeh\u00f6rde: Kassenzahn\u00e4rztliche Vereinigung Hamburg Katharinenbr\u00fccke 1, 20457 &hellip; <a href=\"https:\/\/zahnarztpraxis-alt-osdorf.de\/?page_id=1881\" title=\"Impressum\" class=\"read-more\">Read More<\/a><\/p>\n","protected":false},"author":1,"featured_media":0,"parent":0,"menu_order":0,"comment_status":"closed","ping_status":"closed","template":"","meta":{"footnotes":""},"class_list":["post-1881","page","type-page","status-publish","hentry"],"_links":{"self":[{"href":"https:\/\/zahnarztpraxis-alt-osdorf.de\/index.php?rest_route=\/wp\/v2\/pages\/1881","targetHints":{"allow":["GET"]}}],"collection":[{"href":"https:\/\/zahnarztpraxis-alt-osdorf.de\/index.php?rest_route=\/wp\/v2\/pages"}],"about":[{"href":"https:\/\/zahnarztpraxis-alt-osdorf.de\/index.php?rest_route=\/wp\/v2\/types\/page"}],"author":[{"embeddable":true,"href":"https:\/\/zahnarztpraxis-alt-osdorf.de\/index.php?rest_route=\/wp\/v2\/users\/1"}],"replies":[{"embeddable":true,"href":"https:\/\/zahnarztpraxis-alt-osdorf.de\/index.php?rest_route=%2Fwp%2Fv2%2Fcomments&post=1881"}],"version-history":[{"count":23,"href":"https:\/\/zahnarztpraxis-alt-osdorf.de\/index.php?rest_route=\/wp\/v2\/pages\/1881\/revisions"}],"predecessor-version":[{"id":2051,"href":"https:\/\/zahnarztpraxis-alt-osdorf.de\/index.php?rest_route=\/wp\/v2\/pages\/1881\/revisions\/2051"}],"wp:attachment":[{"href":"https:\/\/zahnarztpraxis-alt-osdorf.de\/index.php?rest_route=%2Fwp%2Fv2%2Fmedia&parent=1881"}],"curies":[{"name":"wp","href":"https:\/\/api.w.org\/{rel}","templated":true}]}}